{"id":37,"date":"2015-05-13T12:57:03","date_gmt":"2015-05-13T10:57:03","guid":{"rendered":"http:\/\/dein-plaetzchen.de\/?page_id=37"},"modified":"2026-04-23T15:40:36","modified_gmt":"2026-04-23T13:40:36","slug":"berliner-plaetzchen","status":"publish","type":"page","link":"https:\/\/dein-plaetzchen.de\/","title":{"rendered":"Berliner Pl\u00e4tzchen"},"content":{"rendered":"<figure id=\"attachment_38\" aria-describedby=\"caption-attachment-38\" style=\"width: 1132px\" class=\"wp-caption aligncenter\"><a href=\"https:\/\/dein-plaetzchen.de\/wp-content\/uploads\/2015\/05\/mockup_bp_web-1.jpg\"><img decoding=\"async\" loading=\"lazy\" class=\"size-full wp-image-38\" src=\"https:\/\/dein-plaetzchen.de\/wp-content\/uploads\/2015\/05\/mockup_bp_web-1.jpg\" alt=\"Aussenansicht Berliner Pl\u00e4tzchen\" width=\"1132\" height=\"500\" srcset=\"https:\/\/dein-plaetzchen.de\/wp-content\/uploads\/2015\/05\/mockup_bp_web-1.jpg 1132w, https:\/\/dein-plaetzchen.de\/wp-content\/uploads\/2015\/05\/mockup_bp_web-1-300x133.jpg 300w, https:\/\/dein-plaetzchen.de\/wp-content\/uploads\/2015\/05\/mockup_bp_web-1-1024x452.jpg 1024w\" sizes=\"(max-width: 1132px) 100vw, 1132px\" \/><\/a><figcaption id=\"caption-attachment-38\" class=\"wp-caption-text\">An der Berlinerstra\u00dfe 173\/Ecke Langobardenstra\u00dfe finden sie das neue Angebot der Katholischen Gemeinde St. Johann Baptist.<\/figcaption><\/figure>\n<blockquote><p>Mit dem \u201eBerliner Pl\u00e4tzchen\u201d geht die Katholische Gemeinde St. Johann Baptist bewusst dorthin, wo das Leben in Oberbarmen spielt. Im \u201eBerliner Pl\u00e4tzchen\u201d erleben Sie verschiedenen kulturelle Veranstaltungen und theologische Gespr\u00e4chsrunden in der \u00d6ffentlichkeit des Stadtteils.<\/p>\n<h3><strong>Sie sind herzlich eingeladen an den \u00f6ffentlichen Terminen teilzunehmen:<\/strong><\/h3>\n<p>F\u00fcr alle Seniorinnen, die sich gern zum Kaffee und Kuchen treffen, findet alle zwei Wochen das Seniorinnen Treffen statt. Jeden zweiten Mittwoch im Monat, ab 14.00 Uhr, wird gekl\u00f6nt, sich ausgetauscht und fr\u00f6hlich zusammengesessen. Interessierte Seniorinnen k\u00f6nnen sich gern unter folgender Telefonnummer f\u00fcr das Seniorinnen Treffen anmelden:<br \/>\nPastoralb\u00fcro: 0202 &#8211; 660433<\/p>\n<p>Interessant wird es am ersten Mittwoch im Monat. Es findet regelm\u00e4\u00dfig, um 12.00 Uhr, \u201eMein Wort zur Marktzeit\u201c im \u201eBerliner Pl\u00e4tzchen\u201c statt.<br \/>\nBekannte Menschen aus unserer Gemeinde und lokale Gr\u00f6\u00dfen bringen einen ausgew\u00e4hlten Bibeltext mit. Die Zeilen lesen sie vor und erz\u00e4hlen etwas dazu, warum Ihnen diese Textpassage wichtig ist.<br \/>\nWir laden Sie herzlich ein mit uns ins Gespr\u00e4ch zu kommen und freuen uns auf interessante G\u00e4ste.<\/p>\n<p>Jeden 1. Mittwoch im Monat m\u00f6chten wir Sie herzlich einladen. Die Blaue Gebetsoase trifft sich ab 18.00 Uhr zu einem gemeinsamen Gebet f\u00fcr die Welt.<\/p>\n<p>Einmal im Monat treffen sich die Frauen des kfd montags zwischen 15.00 und 18.00 Uhr, tauschen sich bei Kaffee und Kuchen zu ausgew\u00e4hlten Themen aus, mal nachdenklich, mal fr\u00f6hlich und ganz bestimmt sehr gesellig.<br \/>\nInteressierte Frauen k\u00f6nnen gern vorbeischauen und an den spannenden Gespr\u00e4chsrunden teilnehmen.<\/p>\n<p>Jeden 2. Dienstag treffen sich die Frauen der italienischen Mission, Missione catholica italiana, um 15.00 Uhr. Bei einem guten Kaffee empfangen sie gern Besuch von interessanten Personen und besprechen aktuelle Themen.<br \/>\nAlle interessierten Frauen sind herzlich willkommen.<\/p>\n<p>Tee Salon &#8211; Tee trinken und Deutsch sprechen: Jeden Donnerstag l\u00e4dt der Caritasverband ins Berliner Pl\u00e4tzchen ein. Von 10.00-11.30 Uhr k\u00f6nnen Sie vorbei kommen, gemeinsam Tee trinken und Ihre Sprachkenntnisse aufbessern.<\/p>\n<p>&#8222;CAFE VERGISSMEINNICHT\u201c an jedem 4. Mittwoch im Monat von 14.30-16.00.<br \/>\nEin Angebot f\u00fcr Menschen mit Demenz und ihre Angeh\u00f6rigen, aber es soll auch Menschen ansprechen, die sich geistig fit halten m\u00f6chten, die gern miteinander spielen, singen, r\u00e4tseln und Erinnerungen austauschen m\u00f6chten. Kaffee und Pl\u00e4tzchen geh\u00f6ren nat\u00fcrlich dazu. Die Nachmittage werden immer unter einem bestimmten Motto stehen.<\/p>\n<p>Zeit.Zuh\u00f6ren.Zuwendung &#8211; Immer montags von 12:00 bis 18:00 Uhr (au\u00dfer in den Schulferien) steht eine sozial-caritative Anlaufstelle f\u00fcr Menschen in schwierigen Lebenssituationen bereit. Egal, ob es um soziale, pers\u00f6nliche oder existenzielle Fragen geht \u2013 hier finden Sie ein offenes Ohr, Orientierung und Unterst\u00fctzung. Das Angebot versteht sich als Ort des Zuh\u00f6rens, des Mitgehens und des Weiterhelfens, ganz im Sinne eines Lotsenpunktes. Herzlich willkommen sind alle Menschen guten Willens, die Rat, Begleitung oder einfach ein Gespr\u00e4ch suchen.<\/p><\/blockquote>\n<p>&nbsp;<\/p>\n<p>&nbsp;<\/p>\n","protected":false},"excerpt":{"rendered":"<p>Mit dem \u201eBerliner Pl\u00e4tzchen\u201d geht die Katholische Gemeinde St. Johann Baptist bewusst dorthin, wo das Leben in Oberbarmen spielt. Im \u201eBerliner Pl\u00e4tzchen\u201d erleben Sie verschiedenen kulturelle Veranstaltungen und theologische Gespr\u00e4chsrunden in der \u00d6ffentlichkeit des Stadtteils. Sie sind herzlich eingeladen an den \u00f6ffentlichen Terminen teilzunehmen: F\u00fcr alle Seniorinnen, die sich gern zum Kaffee und Kuchen treffen, &hellip; <\/p>\n<p class=\"link-more\"><a href=\"https:\/\/dein-plaetzchen.de\/\" class=\"more-link\">Mehr <span class=\"screen-reader-text\">\u00fcber &#8222;Berliner Pl\u00e4tzchen&#8220; <\/span>Lesen<\/a><\/p>\n","protected":false},"author":1,"featured_media":0,"parent":0,"menu_order":0,"comment_status":"closed","ping_status":"closed","template":"","meta":{"footnotes":""},"_links":{"self":[{"href":"https:\/\/dein-plaetzchen.de\/index.php\/wp-json\/wp\/v2\/pages\/37"}],"collection":[{"href":"https:\/\/dein-plaetzchen.de\/index.php\/wp-json\/wp\/v2\/pages"}],"about":[{"href":"https:\/\/dein-plaetzchen.de\/index.php\/wp-json\/wp\/v2\/types\/page"}],"author":[{"embeddable":true,"href":"https:\/\/dein-plaetzchen.de\/index.php\/wp-json\/wp\/v2\/users\/1"}],"replies":[{"embeddable":true,"href":"https:\/\/dein-plaetzchen.de\/index.php\/wp-json\/wp\/v2\/comments?post=37"}],"version-history":[{"count":15,"href":"https:\/\/dein-plaetzchen.de\/index.php\/wp-json\/wp\/v2\/pages\/37\/revisions"}],"predecessor-version":[{"id":633,"href":"https:\/\/dein-plaetzchen.de\/index.php\/wp-json\/wp\/v2\/pages\/37\/revisions\/633"}],"wp:attachment":[{"href":"https:\/\/dein-plaetzchen.de\/index.php\/wp-json\/wp\/v2\/media?parent=37"}],"curies":[{"name":"wp","href":"https:\/\/api.w.org\/{rel}","templated":true}]}}